mainder when 274480 is divided by 1880.
0
What is the remainder when 43080 is divided by 85?
70
Calculate the remainder when 6003 is divided by 57.
18
What is the remainder when 7417 is divided by 1482?
7
Calculate the remainder when 3575 is divided by 324.
11
Calculate the remainder when 188480 is divided by 556.
552
Calculate the remainder when 793075 is divided by 59.
56
Calculate the remainder when 118768 is divided by 392.
384
What is the remainder when 2570 is divided by 640?
10
What is the remainder when 5545 is divided by 255?
190
Calculate the remainder when 1114 is divided by 1037.
77
Calculate the remainder when 873 is divided by 451.
422
Calculate the remainder when 3887 is divided by 102.
11
Calculate the remainder when 3709710 is divided by 304.
302
Calculate the remainder when 801905 is divided by 893.
884
What is the remainder when 226235 is divided by 226215?
20
Calculate the remainder when 14741 is divided by 54.
53
What is the remainder when 2852 is divided by 661?
208
What is the remainder when 11260 is divided by 61?
36
What is the remainder when 18558 is divided by 18557?
1
Calculate the remainder when 6062 is divided by 6054.
8
Calculate the remainder when 11816 is divided by 1304.
80
Calculate the remainder when 109691 is divided by 7312.
11
Calculate the remainder when 17950 is divided by 29.
28
What is the remainder when 7199 is divided by 626?
313
What is the remainder when 43074 is divided by 181?
177
Calculate the remainder when 24400 is divided by 1742.
12
What is the remainder when 98864 is divided by 308?
304
Calculate the remainder when 12741 is divided by 200.
141
What is the remainder when 17092 is divided by 3844?
1716
What is the remainder when 39197 is divided by 197?
191
Calculate the remainder when 25191 is divided by 427.
425
What is the remainder when 12833 is divided by 145?
73
Calculate the remainder when 334495 is divided by 29.
9
What is the remainder when 2150 is divided by 654?
188
Calculate the remainder when 8325 is divided by 1039.
13
What is the remainder when 419 is divided by 63?
41
Calculate the remainder when 487 is divided by 222.
43
Calculate the remainder when 22725 is divided by 7553.
66
What is the remainder when 115934 is divided by 54?
50
What is the remainder when 18832 is divided by 18818?
14
Calculate the remainder when 367956 is divided by 122648.
12
What is the remainder when 10845 is divided by 112?
93
Calculate the remainder when 55006 is divided by 275.
6
Calculate the remainder when 1319 is divided by 358.
245
What is the remainder when 23119 is divided by 2861?
231
What is the remainder when 65504 is divided by 15?
14
What is the remainder when 1571 is divided by 659?
253
What is the remainder when 9571 is divided by 88?
67
Calculate the remainder when 9364 is divided by 82.
16
What is the remainder when 2238 is divided by 1971?
267
Calculate the remainder when 12637 is divided by 316.
313
What is the remainder when 166899 is divided by 16687?
29
Calculate the remainder when 532018 is divided by 73.
67
Calculate the remainder when 6152 is divided by 440.
432
What is the remainder when 63688 is divided by 193?
191
What is the remainder when 185997 is divided by 125?
122
What is the remainder when 20230 is divided by 326?
18
Calculate the remainder when 11018 is divided by 1355.
178
Calculate the remainder when 33065 is divided by 321.
2
What is the remainder when 16855 is divided by 495?
25
Calculate the remainder when 11401 is divided by 33.
16
What is the remainder when 89346 is divided by 994?
880
Calculate the remainder when 3724 is divided by 2480.
1244
What is the remainder when 775806 is divided by 1408?
1406
Calculate the remainder when 5123 is divided by 1020.
23
What is the remainder when 8650 is divided by 2380?
1510
What is the remainder when 58053 is divided by 24?
21
Calculate the remainder when 34785 is divided by 17336.
113
What is the remainder when 12887 is divided by 2565?
62
Calculate the remainder when 2862 is divided by 2283.
579
What is the remainder when 253995 is divided by 253989?
6
Calculate the remainder when 15835 is divided by 160.
155
What is the remainder when 5069 is divided by 2281?
507
What is the remainder when 966458 is divided by 37171?
12
What is the remainder when 338567 is divided by 133?
82
Calculate the remainder when 39156 is divided by 9782.
28
What is the remainder when 6854 is divided by 393?
173
What is the remainder when 39850 is divided by 324?
322
Calculate the remainder when 2015481 is divided by 266.
265
What is the remainder when 3043332 is divided by 15?
12
Calculate the remainder when 4081 is divided by 106.
53
Calculate the remainder when 5385 is divided by 1489.
918
Calculate the remainder when 5492 is divided by 457.
8
What is the remainder when 6057 is divided by 79?
53
What is the remainder when 67348 is divided by 206?
192
Calculate the remainder when 13890 is divided by 1982.
16
Calculate the remainder when 20123 is divided by 1547.
12
Calculate the remainder when 25343 is divided by 18.
17
Calculate the remainder when 154409 is divided by 72.
41
Calculate the remainder when 2803 is divided by 2714.
89
What is the remainder when 263613 is divided by 32?
29
What is the remainder when 309 is divided by 271?
38
What is the remainder when 1161 is divided by 194?
191
What is the remainder when 11309 is divided by 403?
25
Calculate the remainder when 411624 is divided by 12473.
15
Calculate the remainder when 17881 is divided by 323.
116
Calculate the remainder when 17743 is divided by 93.
73
What is the remainder when 184 is divided by 41?
20
What is the remainder when 1080 is divided by 249?
84
Calculate the remainder when 85006 is divided by 85002.
4
Calculate the remainder when 3908 is divided by 3901.
7
Calculate the remainder when 1374 is divided by 44.
10
Calculate the remainder when 2061 is divided by 113.
27
What is the remainder when 1974 is divided by 249?
231
What is the remainder when 3240 is divided by 623?
125
Calculate the remainder when 368415 is divided by 338.
333
What is the remainder when 42454 is divided by 3857?
27
Calculate the remainder when 5312 is divided by 439.
44
Calculate the remainder when 9064221 is divided by 104.
101
Calculate the remainder when 43885 is divided by 385.
380
What is the remainder when 183086 is divided by 72?
62
What is the remainder when 2649 is divided by 734?
447
What is the remainder when 15757 is divided by 655?
37
What is the remainder when 1291 is divided by 1114?
177
What is the remainder when 7988 is divided by 1143?
1130
What is the remainder when 40702 is divided by 20174?
354
Calculate the remainder when 18074 is divided by 3610.
24
Calculate the remainder when 159552 is divided by 7252.
8
Calculate the remainder when 2756 is divided by 535.
81
What is the remainder when 3004 is divided by 2760?
244
Calculate the remainder when 9487 is divided by 723.
88
Calculate the remainder when 80001 is divided by 479.
8
What is the remainder when 14743 is divided by 182?
1
Calculate the remainder when 2037 is divided by 266.
175
What is the remainder when 8701 is divided by 459?
439
Calculate the remainder when 9568 is divided by 9108.
460
Calculate the remainder when 2129806 is divided by 2315.
6
Calculate the remainder when 55356 is divided by 10997.
371
What is the remainder when 69833 is divided by 68?
65
Calculate the remainder when 815 is divided by 715.
100
Calculate the remainder when 74018 is divided by 507.
503
Calculate the remainder when 5456 is divided by 1364.
0
What is the remainder when 9979 is divided by 176?
123
What is the remainder when 6548 is divided by 26?
22
What is the remainder when 104770 is divided by 11?
6
What is the remainder when 119738 is divided by 10885?
3
Calculate the remainder when 25224 is divided by 1002.
174
What is the remainder when 14132 is divided by 1079?
105
What is the remainder when 790332 is divided by 195?
192
Calculate the remainder when 10534 is divided by 3452.
178
What is the remainder when 1424 is divided by 352?
16
Calculate the remainder when 262665 is divided by 6.
3
Calculate the remainder when 2994 is divided by 31.
18
What is the remainder when 1817 is divided by 1749?
68
What is the remainder when 2